hundreds digit of 79161?
1
What is the tens digit of 55364?
6
What is the hundreds digit of 5187?
1
What is the ten thousands digit of 100987?
0
What is the hundreds digit of 4989?
9
What is the ten thousands digit of 29668?
2
What is the tens digit of 11195?
9
What is the tens digit of 87252?
5
What is the thousands digit of 5761?
5
What is the thousands digit of 9740?
9
What is the tens digit of 770?
7
What is the hundreds digit of 33130?
1
What is the tens digit of 698?
9
What is the ten thousands digit of 17442?
1
What is the tens digit of 21060?
6
What is the tens digit of 1509?
0
What is the tens digit of 5150?
5
What is the tens digit of 1867?
6
What is the ten thousands digit of 24459?
2
What is the thousands digit of 132207?
2
What is the ten thousands digit of 32929?
3
What is the hundreds digit of 76398?
3
What is the tens digit of 8837?
3
What is the tens digit of 52335?
3
What is the units digit of 2279?
9
What is the ten thousands digit of 133259?
3
What is the units digit of 5138?
8
What is the tens digit of 7819?
1
What is the tens digit of 10407?
0
What is the hundreds digit of 1063?
0
What is the units digit of 838?
8
What is the units digit of 4051?
1
What is the tens digit of 2052?
5
What is the tens digit of 14203?
0
What is the hundreds digit of 735?
7
What is the units digit of 36393?
3
What is the tens digit of 3368?
6
What is the units digit of 28633?
3
What is the units digit of 3420?
0
What is the tens digit of 666?
6
What is the tens digit of 28904?
0
What is the thousands digit of 22962?
2
What is the hundreds digit of 7008?
0
What is the tens digit of 361?
6
What is the units digit of 479?
9
What is the thousands digit of 21687?
1
What is the hundreds digit of 5542?
5
What is the thousands digit of 25163?
5
What is the units digit of 55371?
1
What is the hundreds digit of 1095?
0
What is the hundreds digit of 1028?
0
What is the thousands digit of 2647?
2
What is the hundreds digit of 202?
2
What is the tens digit of 789?
8
What is the units digit of 6211?
1
What is the tens digit of 2370?
7
What is the thousands digit of 32257?
2
What is the tens digit of 6125?
2
What is the units digit of 100321?
1
What is the thousands digit of 5738?
5
What is the hundreds digit of 680?
6
What is the tens digit of 16?
1
What is the hundreds digit of 75225?
2
What is the units digit of 1495?
5
What is the units digit of 94858?
8
What is the units digit of 24520?
0
What is the tens digit of 4138?
3
What is the hundreds digit of 4882?
8
What is the units digit of 4913?
3
What is the tens digit of 124?
2
What is the ten thousands digit of 20708?
2
What is the tens digit of 3855?
5
What is the thousands digit of 4685?
4
What is the ten thousands digit of 12859?
1
What is the hundreds digit of 85567?
5
What is the thousands digit of 4036?
4
What is the hundreds digit of 20923?
9
What is the tens digit of 13254?
5
What is the thousands digit of 2094?
2
What is the hundreds digit of 18908?
9
What is the ten thousands digit of 63337?
6
What is the units digit of 1028?
8
What is the ten thousands digit of 21589?
2
What is the units digit of 1697?
7
What is the hundreds digit of 6972?
9
What is the hundreds digit of 78395?
3
What is the tens digit of 37320?
2
What is the tens digit of 1737?
3
What is the tens digit of 2798?
9
What is the tens digit of 3371?
7
What is the thousands digit of 2726?
2
What is the hundreds digit of 579?
5
What is the tens digit of 15357?
5
What is the ten thousands digit of 42670?
4
What is the tens digit of 34096?
9
What is the units digit of 320?
0
What is the tens digit of 276?
7
What is the tens digit of 4521?
2
What is the units digit of 964?
4
What is the units digit of 2705?
5
What is the units digit of 131845?
5
What is the hundreds digit of 18697?
6
What is the tens digit of 9221?
2
What is the tens digit of 156559?
5
What is the units digit of 8446?
6
What is the hundreds digit of 15726?
7
What is the hundreds digit of 1485?
4
What is the hundreds digit of 8634?
6
What is the units digit of 16955?
5
What is the tens digit of 12575?
7
What is the hundreds digit of 434?
4
What is the hundreds digit of 1094?
0
What is the tens digit of 3114?
1
What is the units digit of 1005?
5
What is the tens digit of 1326?
2
What is the units digit of 616?
6
What is the units digit of 894?
4
What is the thousands digit of 4741?
4
What is the thousands digit of 2976?
2
What is the units digit of 462?
2
What is the units digit of 196917?
7
What is the hundreds digit of 50797?
7
What is the thousands digit of 4605?
4
What is the thousands digit of 13509?
3
What is the ten thousands digit of 12488?
1
What is the units digit of 4121?
1
What is the thousands digit of 9170?
9
What is the ten thousands digit of 76699?
7
What is the thousands digit of 2729?
2
What is the hundreds digit of 720?
7
What is the thousands digit of 2533?
2
What is the hundreds digit of 1911?
9
What is the thousands digit of 31801?
1
What is the units digit of 629?
9
What is the units digit of 791?
1
What is the tens digit of 2054?
5
What is the units digit of 2171?
1
What is the units digit of 577?
7
What is the hundreds digit of 3138?
1
What is the units digit of 3822?
2
What is the units digit of 1667?
7
What is the hundreds digit of 2016?
0
What is the tens digit of 1176?
7
What is the hundreds digit of 17423?
4
What is the ten thousands digit of 37020?
3
What is the units digit of 24221?
1
What is the units digit of 86?
6
What is the thousands digit of 7949?
7
What is the thousands digit of 1935?
1
What is the units digit of 998?
8
What is the tens digit of 12104?
0
What is the units digit of 6697?
7
What is the units digit of 1692?
2
What is the tens digit of 41715?
1
What is the tens digit of 4023?
2
What is the units digit of 689?
9
What is the thousands digit of 10370?
0
What is the tens digit of 12518?
1
What is the hundreds digit of 4063?
0
What is the hundreds digit of 4746?
7
What is the thousands digit of 1294?
1
What is the hundreds digit of 38458?
4
What is the tens digit of 1151?
5
What is the units digit of 9821?
1
What is the tens digit of 4018?
1
What is the thousands digit of 3725?
3
What is the ten thousands digit of 10818?
1
What is the hundreds digit of 2542?
5
What is the ten thousands digit of 53023?
5
What is the hundreds digit of 10348?
3
What is the hundreds digit of 987?
9
What is the thousands digit of 5383?
5
What is the ten thousands digit of 13761?
1
What is the thousands digit of 91021?
1
What is the tens digit of 588?
8
What is the hundreds digit of 2182?
1
What is the hundreds digit of 15608?
6
What is the hundreds digit of 1703?
7
What is the hundreds digit of 270?
2
What is the units digit of 5598?
8
What is the tens digit of 1667?
6
What is the hundreds digit of 3746?
7
What is the tens digit of 1102?
0
What is the units digit of 1675?
5
What is the thousands digit of 12939?
2
What is the units digit of 118598?
8
What is the units digit of 2260?
0
What is the units digit of 13?
3
What is the tens digit of 689?
8
What is the tens digit of 872?
7
What is the thousands digit of 18149?
8
What is the tens digit of 721?
2
What is the hundreds digit of 1323?
3
What is the tens digit of 48063?
6
What is the tens digit of 854?
5
What is the tens digit of 32297?
9
What is the tens digit of 634?
3
What is the units digit of 15917?
7
What is the thousands digit of 6633?
6
What is the tens digit of 10862?
6
What is the tens digit of 6630?
3
What is the hundreds digit of 79835?
8
What is the hundreds digit of 3913?
9
What is the units digit of 853?
3
What is the tens digit of 1208?
0
What is the tens digit of 3431?
3
What is the ten thousands digit of 41482?
4
What is the tens digit of 1526?
2
What is the units digit of 10453?
3
What is the units digit of 22187?
7
What is the units digit of 1923?
3
What is the units digit of 12494?
4
What is the hundreds digit of 22313?
3
What is the hundreds digit of 227?
2
What is the hundreds digit of 871?
8
What is the units digit of 2595?
5
What is the hundreds digit of 6993?
9
What is the tens digit of 39213?
1
What is the hundreds digit of 4999?
9
What is the units digit of 228?
8
What is the thousands digit of 11345?
1
What is the units digit of 379?
9
What is the thousands dig